r when 10904212 is divided by 366.
340
What is the remainder when 1651269 is divided by 550004?
1257
What is the remainder when 3364742 is divided by 163?
96
What is the remainder when 44430107 is divided by 80782?
7
Calculate the remainder when 4528828 is divided by 21.
10
What is the remainder when 204040 is divided by 81?
1
What is the remainder when 28268909 is divided by 96811?
97
Calculate the remainder when 1698738 is divided by 183.
132
Calculate the remainder when 42104 is divided by 999.
146
Calculate the remainder when 19550835 is divided by 2734.
1
What is the remainder when 3817650 is divided by 879?
153
What is the remainder when 38491459 is divided by 1715?
1714
Calculate the remainder when 10148 is divided by 5020.
108
What is the remainder when 220212 is divided by 642?
6
What is the remainder when 30925117 is divided by 49?
41
Calculate the remainder when 2031950 is divided by 338651.
44
What is the remainder when 10295840 is divided by 735?
695
What is the remainder when 19490726 is divided by 696097?
10
Calculate the remainder when 2847928 is divided by 297.
292
What is the remainder when 36145 is divided by 18?
1
Calculate the remainder when 1381541 is divided by 1985.
1966
What is the remainder when 2954096 is divided by 300?
296
Calculate the remainder when 277571 is divided by 55481.
166
Calculate the remainder when 466497 is divided by 51815.
162
What is the remainder when 205475 is divided by 15729?
998
Calculate the remainder when 43810 is divided by 2917.
55
Calculate the remainder when 10127533 is divided by 1687908.
85
Calculate the remainder when 3311801 is divided by 254752.
25
What is the remainder when 225290 is divided by 928?
714
Calculate the remainder when 422130 is divided by 117.
111
What is the remainder when 4249548 is divided by 653?
477
What is the remainder when 105249 is divided by 10430?
949
What is the remainder when 118161256 is divided by 359?
355
Calculate the remainder when 52942 is divided by 3327.
3037
Calculate the remainder when 402780 is divided by 7.
0
What is the remainder when 2440599 is divided by 203383?
3
Calculate the remainder when 105395463 is divided by 637.
628
What is the remainder when 1449536 is divided by 96635?
11
Calculate the remainder when 741989 is divided by 1438.
1419
Calculate the remainder when 62055154 is divided by 5171260.
34
Calculate the remainder when 49940 is divided by 24940.
60
Calculate the remainder when 24547040 is divided by 262.
260
Calculate the remainder when 19623131 is divided by 30709.
80
Calculate the remainder when 47979140 is divided by 56.
20
What is the remainder when 586143 is divided by 73?
26
What is the remainder when 171271 is divided by 85603?
65
Calculate the remainder when 619450 is divided by 317.
32
What is the remainder when 7007165 is divided by 4093?
4042
What is the remainder when 94834537 is divided by 13885?
13872
Calculate the remainder when 49116050 is divided by 1067740.
10
Calculate the remainder when 100975326 is divided by 2163.
2160
What is the remainder when 21390363 is divided by 53?
40
Calculate the remainder when 1003281 is divided by 334220.
621
What is the remainder when 231739 is divided by 47?
29
Calculate the remainder when 39952292 is divided by 13317412.
56
What is the remainder when 2932848 is divided by 10?
8
What is the remainder when 453306 is divided by 31?
24
What is the remainder when 284908070 is divided by 424?
422
Calculate the remainder when 279988 is divided by 301.
58
What is the remainder when 819125 is divided by 281?
10
What is the remainder when 8781692 is divided by 66?
62
What is the remainder when 8480114 is divided by 530006?
18
Calculate the remainder when 189835 is divided by 29.
1
Calculate the remainder when 12432 is divided by 2765.
1372
What is the remainder when 373660 is divided by 6285?
2845
Calculate the remainder when 7775318 is divided by 45.
38
Calculate the remainder when 3132011 is divided by 1181.
1180
Calculate the remainder when 1676725 is divided by 56.
29
What is the remainder when 36847 is divided by 1962?
1531
What is the remainder when 25080337 is divided by 57?
52
Calculate the remainder when 1671235 is divided by 107.
2
Calculate the remainder when 553141 is divided by 61.
54
Calculate the remainder when 4487660 is divided by 1291.
144
Calculate the remainder when 2541286 is divided by 3178.
2064
What is the remainder when 8378465 is divided by 69?
2
Calculate the remainder when 195872 is divided by 1409.
21
What is the remainder when 41106702 is divided by 95?
12
Calculate the remainder when 33329683 is divided by 11109889.
16
Calculate the remainder when 28290117 is divided by 565802.
17
Calculate the remainder when 641488 is divided by 641470.
18
What is the remainder when 865949 is divided by 216483?
17
Calculate the remainder when 7900398 is divided by 12383.
44
Calculate the remainder when 870458 is divided by 312.
290
What is the remainder when 5864555 is divided by 1732?
3
Calculate the remainder when 19124 is divided by 18690.
434
Calculate the remainder when 15518428 is divided by 85266.
16
Calculate the remainder when 18797191 is divided by 23915.
1
What is the remainder when 64631331 is divided by 131?
123
Calculate the remainder when 144694 is divided by 72223.
248
What is the remainder when 1738090 is divided by 1118?
718
Calculate the remainder when 16385434 is divided by 10209.
10198
Calculate the remainder when 15577 is divided by 599.
3
Calculate the remainder when 11186078 is divided by 24.
14
Calculate the remainder when 4193016 is divided by 9617.
4
What is the remainder when 362565 is divided by 206?
5
Calculate the remainder when 232161 is divided by 115799.
563
Calculate the remainder when 211512 is divided by 300.
12
Calculate the remainder when 497253 is divided by 428.
345
Calculate the remainder when 699840888 is divided by 82.
80
Calculate the remainder when 119738 is divided by 6988.
942
Calculate the remainder when 538675 is divided by 4415.
45
What is the remainder when 1890225 is divided by 1890192?
33
Calculate the remainder when 12006508 is divided by 30.
28
Calculate the remainder when 868243 is divided by 34729.
18
Calculate the remainder when 56053 is divided by 27974.
105
What is the remainder when 174946 is divided by 3539?
1535
What is the remainder when 80318 is divided by 411?
173
Calculate the remainder when 1149724 is divided by 1149645.
79
Calculate the remainder when 235303259 is divided by 4592.
4587
Calculate the remainder when 308378881 is divided by 2666.
2661
What is the remainder when 17332677 is divided by 5777559?
0
What is the remainder when 2753445 is divided by 25?
20
Calculate the remainder when 108548 is divided by 234.
206
Calculate the remainder when 27398881 is divided by 13699436.
9
Calculate the remainder when 363665 is divided by 32690.
4075
Calculate the remainder when 13680263 is divided by 24.
23
Calculate the remainder when 992475 is divided by 67.
4
Calculate the remainder when 30827484 is divided by 6.
0
What is the remainder when 115043953 is divided by 388?
13
What is the remainder when 4798250 is divided by 76?
66
What is the remainder when 873700 is divided by 436833?
34
What is the remainder when 3460606 is divided by 1153515?
61
Calculate the remainder when 138906 is divided by 371.
152
What is the remainder when 2052734 is divided by 7128?
6998
Calculate the remainder when 3143100 is divided by 209540.
0
Calculate the remainder when 362952 is divided by 1994.
44
What is the remainder when 85715 is divided by 380?
215
What is the remainder when 17772107 is divided by 181348?
3
What is the remainder when 744318 is divided by 370567?
3184
What is the remainder when 3333905 is divided by 144952?
9
Calculate the remainder when 2398487685 is divided by 266.
265
Calculate the remainder when 1636489 is divided by 20.
9
Calculate the remainder when 1129093 is divided by 44.
9
What is the remainder when 453512 is divided by 7434?
38
Calculate the remainder when 131698343 is divided by 101.
100
What is the remainder when 23932878 is divided by 25?
3
What is the remainder when 2067885 is divided by 720?
45
Calculate the remainder when 504547 is divided by 2129.
2103
What is the remainder whe